 hundreds digit of n?
7
Suppose 15*j + 13481 = 4*p + 18*j, 4*j = 12. What is the hundreds digit of p?
3
Suppose 0*h = 4*h - 8. Let n be -3 + 5 - (-4)/2. Suppose -t = t - h*v - 54, t = n*v + 21. What is the units digit of t?
9
Suppose a = 2*t + 315 - 1772, -2*t = 4*a - 1472. What is the tens digit of t?
3
Suppose 4*u = -4*m - 136, -4*u - m + 0*m - 142 = 0. Let h = 42 - u. What is the tens digit of h?
7
Let y = 2079 + -477. What is the units digit of y?
2
Let a(r) = 155*r**3 - 2*r + 6. What is the hundreds digit of a(2)?
2
Let j(q) = 22*q**3 + 2*q**2 + 5*q - 21. What is the units digit of j(3)?
6
Suppose -o - 5 = 2*i + 12, 3*i - 51 = 3*o. Let l = -14 - o. What is the units digit of 33/12*(l + 1)?
1
What is the hundreds digit of 12/4 - (-1 - 31*11)?
3
What is the tens digit of 3/(-6)*12/(-6) - -370?
7
Let q(l) be the second derivative of l**4/12 + l**3/3 + 71*l**2 - 21*l. What is the tens digit of q(0)?
4
Suppose -5 = 5*w - 0*w - 5*j, -2 = -2*j. Let x = w + -6. Let z = -3 - x. What is the units digit of z?
3
Let q(c) = c**2 + 1. Let b be q(2). Suppose 0*g - g = b*h - 23, -2*g = 3*h - 11. What is the units digit of h?
5
Let g(m) = m**2 + 10*m + 4. Suppose 3*i - 5*i = 0. Suppose -5*o - 5*t - 32 - 3 = i, 45 = -3*o + 3*t. What is the tens digit of g(o)?
1
What is the tens digit of 4534/12 + (-1022)/(-84) + -12?
7
Let o be (-1)/(1*(-2)/4). Let x be ((-10)/20)/(o/(-12)). Suppose s = i - 56, i + 0*i - x*s - 60 = 0. What is the units digit of i?
4
Suppose 3*j - 48 = -5*j. What is the units digit of (-40)/(-24) + 2/j?
2
Suppose -21*c = -9*c - 26268. What is the hundreds digit of c?
1
Let i = 49 - 72. Let s = i - -38. What is the tens digit of s?
1
Let g = 34 - 8. Let q = g - 5. What is the units digit of q?
1
Let f(o) = -o**3 - 9*o**2 - o - 7. Let b be f(-9). Let u be b*-4*1/2. What is the units digit of 4/(-1 + (-12)/u)?
2
Let n(q) = q**2 - 4*q - 4. What is the tens digit of n(33)?
5
Suppose -3*f + 47*i = 43*i - 15694, 4*f + 4*i = 20972. What is the thousands digit of f?
5
What is the thousands digit of (-25912)/(-16) + (-33)/22?
1
Suppose -z - 14 = -5. Let r(c) be the second derivative of -2*c**3/3 - c**2/2 + 55*c. What is the tens digit of r(z)?
3
Let u(m) = 28*m - 21*m + 6*m**2 - 9 - 14*m. What is the units digit of u(7)?
6
Let i = 5 + -7. Let w be 2 + 22/4*i. Let f(s) = -s**2 - 12*s - 6. What is the units digit of f(w)?
1
Let p = 17 - 19. What is the tens digit of 4/1*((-49)/p + -3)?
8
Let l(r) = -3*r - 14. Suppose 3*v - 1 = -25. What is the units digit of l(v)?
0
Suppose -1736 = -4*s + 2*u, 0 = 4*s - 7*u + 2*u - 1748. What is the units digit of s?
2
Let o be (2 - 0)/(4/410). Suppose 284 = 3*c + 3*l - 1, -2*c = 5*l - o. What is the units digit of c?
0
Let h(r) = -r**3 - 3*r**2 + 6*r + 10. Let g be h(-4). Suppose -g*o + 8*o - 384 = 0. Suppose 3*b = b + o. What is the tens digit of b?
3
What is the units digit of (1/(-4))/(28015/9340 + -3)?
7
Let m(k) = -k**2 - 9*k - 9. Let j be m(-7). Suppose -5*u - 3*t = t - 301, 5*t = j*u - 310. What is the units digit of u?
1
Let q(o) = o**3 + 23*o**2 - 5*o + 45. Let x be q(-23). Let g = -34 + x. What is the units digit of g?
6
Let m(v) = v**3 - 7*v**2 - 7*v - 6. Let i be m(8). Suppose 3*x + 8 = i. What is the units digit of (-1)/(x*(-3)/(-126))?
1
Suppose -3*g = -3*n + 21, -6*n = -7*n + 2. What is the units digit of (-7 - -3)*(g + -69)?
6
Suppose 10*l + v - 3855 = 6*l, -3*v + 972 = l. What is the tens digit of l?
6
Let p = 570 - 263. Let g = -219 + p. What is the units digit of g?
8
Suppose k - 1077 = 4*t, 1298 = k + 2*t + 233. What is the hundreds digit of k?
0
Let x(l) = 4*l - 65. What is the units digit of x(20)?
5
Let z(m) = m**3 - 5*m**2 + m + 6. Let k = -9 - -10. Suppose 2*s = 9 + k. What is the units digit of z(s)?
1
Suppose 25*c - 30*c + 1395 = 0. What is the tens digit of c?
7
Let o(j) = -45*j + 4. What is the tens digit of o(-5)?
2
Let b = -1550 + 2051. What is the tens digit of b?
0
Let g(i) = 4*i - 7. Let c be g(3). Suppose -k + c = 1. Suppose 0 = -3*y + 3*q + 96, -2*q = -k*q + 6. What is the tens digit of y?
3
Let s = 1194 - 79. What is the hundreds digit of s?
1
Let n(i) be the first derivative of 5 - 5/2*i**2 + 17*i. What is the tens digit of n(-9)?
6
Let a(c) = -32*c - 45. What is the units digit of a(-12)?
9
Let p = 2 - 59. Let y = p - -71. What is the units digit of y?
4
Suppose 58684 = -53*y + 162458. What is the units digit of y?
8
Suppose 10 + 10 = 5*u. Let w be 56/(-21)*(-6)/u. What is the tens digit of 153/w + (-15)/60?
3
Let s(h) = -h**3 + 0*h**3 - 13*h**2 - 4*h - 13*h + 1. Let k be s(-12). Let m = k + -42. What is the units digit of m?
9
Suppose -3*p - 464 = -8*p + q, 2*q = 2. What is the units digit of p?
3
What is the hundreds digit of (-353023)/(-134) - 3/(-6)?
6
What is the hundreds digit of 0*(-9)/108 - (-1237 - 0)?
2
Suppose -15*f - 3*n + 1843 = -11*f, 2*f = -2*n + 920. What is the units digit of f?
3
Suppose -8*a - 9 = -73. What is the units digit of a?
8
Let c(b) = -5*b + 14. Let k be c(-6). Suppose 0 = -2*t + 4*z + k, 2*t + 4*z - 44 = z. Suppose -v - v = -t. What is the units digit of v?
1
Let s(d) = -2*d - 4. Let f be s(-8). Suppose -3*u + f = 0, -6*b + 3*b + 366 = 3*u. What is the hundreds digit of b?
1
Let b(h) = h**3 + h**2. Let f(v) = v**3 - 10*v**2 + 2*v. Let r(x) = -3*b(x) + f(x). What is the units digit of r(-7)?
5
Suppose 0 = -0*y + 4*y - 76. Let p = -44 - -64. Let o = p - y. What is the units digit of o?
1
Let u = 2031 - 310. What is the units digit of u?
1
Let q(o) = 1480*o**2 + 15*o - 34. What is the tens digit of q(2)?
1
Let s = -4 - -8. Let p(r) = 45*r**2 - 3*r. Let m be p(-2). Suppose 0 = 4*q + 4*o + 74 - m, -s*o - 53 = -q. What is the tens digit of q?
3
Suppose 4*x = -2*v + 1821 - 467, -4*x - 5*v = -1345. Suppose x = 4*w + d, 95 = -4*w - 4*d + 447. Suppose -w = 4*a - 6*a. What is the tens digit of a?
4
Suppose -21*g + 127211 = 30695. What is the hundreds digit of g?
5
Suppose -2*f + 0*x = -2*x + 44, -x = -4. Let s = -14 - f. What is the units digit of s/(-6)*51/(-1)?
4
Let i = -70 + 75. Suppose m - i*r = 54 + 208, -r = m - 238. What is the tens digit of m?
4
Let v(f) = -f + 1. Let d be v(1). Suppose -j - 2 + 17 = d. Let u = j + -8. What is the units digit of u?
7
Suppose -21*u + 19800 = -3*u. What is the thousands digit of u?
1
Suppose 13*y - 52 = 234. Let l = y - -34. What is the units digit of l?
6
Suppose -193*f + 188*f = -435. What is the units digit of f?
7
What is the hundreds digit of 1809 + 5 + (34 - 22)?
8
Suppose 0 = 4*u - h - 2*h - 32, -13 = -5*u - 3*h. Suppose 0 = -0*c - u*c - 315. Let o = c - -88. What is the tens digit of o?
2
Let l(w) = 2 + 32*w**3 - w**2 - 31*w**3 - 2*w**2 - 7*w. Let i = -11 + 16. What is the units digit of l(i)?
7
Suppose 10*k = 8*k - 30. What is the hundreds digit of (k/(-12))/(2/272)?
1
What is the units digit of 263 - (1*-1)/(-39 - -40)?
4
Let b = 37 - 53. Let v = b - -16. Suppose -3*r + 93 + 21 = v. What is the tens digit of r?
3
Let t(i) be the second derivative of 3*i**5/5 + i**4/12 - 9*i. What is the tens digit of t(1)?
1
Let w be (27/(-6))/((-1)/6). Suppose 5*b - 38 = -k + w, 5*b - 35 = 5*k. Suppose 3*n = -b + 111. What is the tens digit of n?
3
Suppose 0 = 2*t - 4*w + 8, 2*t + 5*w = t + 24. What is the tens digit of t/((8/(-36))/(-1))?
1
Suppose 0 = -16*j + 24*j. Let o(u) = u**3 + u**2 + 2*u + 97. What is the tens digit of o(j)?
9
What is the thousands digit of -6*68*176/(-33)?
2
Let k be 0*(2 + 3/(-2)). Suppose a - 2*a - 2*i - 1 = k, 3*a - 2 = -i. Let q = a - -2. What is the units digit of q?
3
Let p = 7980 - 4398. What is the thousands digit of p?
3
Let w(m) = -m**3 - m + 9. Let b be w(0). Suppose -92 = -5*f + 3*d + b, -4*f + 97 = 3*d. Suppose l = 21 + f. What is the tens digit of l?
4
Let g(q) = -q**2 + 30*q + 56. What is the tens digit of g(21)?
4
What is the units digit of ((-151)/2 + 7)*-58?
3
Suppose -3*t = 4*h - 8, 2*t + 5*h = 12 - 2. Suppose 0 = -f + b - 2*b + 85, t = -3*f + b + 255. What is the tens digit of f?
8
Suppose 0 = 2*x + 47 + 1. Let g be ((-21)/28)/(2/x). What is the tens digit of (-6)/g*(1 - 52)?
3
Let h(u) = 26*u**2 - 2*u + 2. Let i(a) = 2*a + 19. Let y be i(-9). What is the tens digit of h(y)?
2
Let l be (-3 + (-15)/(-6))*6. What is the tens digit of ((-34)/(-6))/(l/(-27))?
5
Let a(x) = -160*x +